{"id":655,"date":"2014-09-08T14:00:45","date_gmt":"2014-09-08T12:00:45","guid":{"rendered":"http:\/\/www.schuetzengilde-hoexter.de\/erste\/?page_id=655"},"modified":"2026-02-01T17:11:20","modified_gmt":"2026-02-01T15:11:20","slug":"ehrenscheiben","status":"publish","type":"page","link":"https:\/\/www.schuetzengilde-hoexter.de\/erste\/geschichte\/ehrenscheiben\/","title":{"rendered":"Ehrenscheiben"},"content":{"rendered":"<p><strong>Die vom Sch\u00fctzenk\u00f6nig gestiftete Ehrenscheibe der Ersten Kompanie gewannen:<\/strong><br \/>\n&nbsp;<br \/>\n2024 &nbsp;&nbsp;&nbsp;&nbsp; Mario Ritzenhoff<br \/>\n2022 &nbsp;&nbsp;&nbsp;&nbsp; Philipp Bald<br \/>\n2020 &nbsp;&nbsp;&nbsp;&nbsp; kein Sch\u00fctzenfest (Corona)<br \/>\n2018 &nbsp;&nbsp;&nbsp;&nbsp; Thorsten Thadewald<br \/>\n2016 &nbsp;&nbsp;&nbsp;&nbsp; Christian Fahle<br \/>\n2014 &nbsp;&nbsp;&nbsp;&nbsp; Michael M\u00fchlen<br \/>\n2012 &nbsp;&nbsp;&nbsp;&nbsp; J\u00fcrgen Wefer<br \/>\n2010 &nbsp;&nbsp;&nbsp;&nbsp; J\u00fcrgen Wefer<br \/>\n2008 &nbsp;&nbsp;&nbsp;&nbsp; Stephan Czerwonka<br \/>\n2006 &nbsp;&nbsp;&nbsp;&nbsp; Werner Knop<br \/>\n2004 &nbsp;&nbsp;&nbsp;&nbsp; ???<br \/>\n2002 &nbsp;&nbsp;&nbsp;&nbsp; Sascha Stankowski<br \/>\n2000 &nbsp;&nbsp;&nbsp;&nbsp; ???<br \/>\n1998 &nbsp;&nbsp;&nbsp;&nbsp; Sascha Stankowski<br \/>\n&#8230;<\/p>\n","protected":false},"excerpt":{"rendered":"<p>Die vom Sch\u00fctzenk\u00f6nig gestiftete Ehrenscheibe der Ersten Kompanie gewannen: &nbsp; 2024 &nbsp;&nbsp;&nbsp;&nbsp; Mario Ritzenhoff 2022 &nbsp;&nbsp;&nbsp;&nbsp; Philipp Bald 2020 &nbsp;&nbsp;&nbsp;&nbsp; kein Sch\u00fctzenfest (Corona) 2018 &nbsp;&nbsp;&nbsp;&nbsp; Thorsten Thadewald 2016 &nbsp;&nbsp;&nbsp;&nbsp; Christian Fahle 2014 &nbsp;&nbsp;&nbsp;&nbsp; Michael M\u00fchlen 2012 &nbsp;&nbsp;&nbsp;&nbsp; J\u00fcrgen Wefer 2010 &nbsp;&nbsp;&nbsp;&nbsp; J\u00fcrgen Wefer 2008 &nbsp;&nbsp;&nbsp;&nbsp; Stephan Czerwonka 2006 &nbsp;&nbsp;&nbsp;&nbsp; Werner Knop 2004 &nbsp;&nbsp;&nbsp;&nbsp; ??? 2002 [&hellip;]<\/p>\n","protected":false},"author":9,"featured_media":0,"parent":2,"menu_order":3,"comment_status":"open","ping_status":"open","template":"","meta":{"ngg_post_thumbnail":0,"footnotes":""},"class_list":["post-655","page","type-page","status-publish","hentry"],"_links":{"self":[{"href":"https:\/\/www.schuetzengilde-hoexter.de\/erste\/wp-json\/wp\/v2\/pages\/655","targetHints":{"allow":["GET"]}}],"collection":[{"href":"https:\/\/www.schuetzengilde-hoexter.de\/erste\/wp-json\/wp\/v2\/pages"}],"about":[{"href":"https:\/\/www.schuetzengilde-hoexter.de\/erste\/wp-json\/wp\/v2\/types\/page"}],"author":[{"embeddable":true,"href":"https:\/\/www.schuetzengilde-hoexter.de\/erste\/wp-json\/wp\/v2\/users\/9"}],"replies":[{"embeddable":true,"href":"https:\/\/www.schuetzengilde-hoexter.de\/erste\/wp-json\/wp\/v2\/comments?post=655"}],"version-history":[{"count":1,"href":"https:\/\/www.schuetzengilde-hoexter.de\/erste\/wp-json\/wp\/v2\/pages\/655\/revisions"}],"predecessor-version":[{"id":6587,"href":"https:\/\/www.schuetzengilde-hoexter.de\/erste\/wp-json\/wp\/v2\/pages\/655\/revisions\/6587"}],"up":[{"embeddable":true,"href":"https:\/\/www.schuetzengilde-hoexter.de\/erste\/wp-json\/wp\/v2\/pages\/2"}],"wp:attachment":[{"href":"https:\/\/www.schuetzengilde-hoexter.de\/erste\/wp-json\/wp\/v2\/media?parent=655"}],"curies":[{"name":"wp","href":"https:\/\/api.w.org\/{rel}","templated":true}]}}